{"id":1370,"date":"2024-10-12T08:03:49","date_gmt":"2024-10-12T08:03:49","guid":{"rendered":"https:\/\/equilibriumpsychotherapy.net\/?page_id=1370"},"modified":"2026-08-24T13:53:38","modified_gmt":"2026-08-24T11:53:38","slug":"cancelation","status":"publish","type":"page","link":"https:\/\/equilibriumpsychotherapy.net\/hr\/cancelation\/","title":{"rendered":"Calcelation"},"content":{"rendered":"<div class=\"wp-block-cover alignfull\" style=\"padding-top:2%;min-height:60rem;aspect-ratio:unset;\"><img loading=\"lazy\" decoding=\"async\" width=\"1707\" height=\"2560\" class=\"wp-block-cover__image-background wp-image-1574\" alt=\"\" src=\"https:\/\/equilibriumpsychotherapy.net\/wp-content\/uploads\/2024\/10\/pexels-cottonbro-4098362_11zon-scaled.jpg\" style=\"object-position:57% 0%\" data-object-fit=\"cover\" data-object-position=\"57% 0%\" srcset=\"https:\/\/equilibriumpsychotherapy.net\/wp-content\/uploads\/2024\/10\/pexels-cottonbro-4098362_11zon-scaled.jpg 1707w, https:\/\/equilibriumpsychotherapy.net\/wp-content\/uploads\/2024\/10\/pexels-cottonbro-4098362_11zon-200x300.jpg 200w, https:\/\/equilibriumpsychotherapy.net\/wp-content\/uploads\/2024\/10\/pexels-cottonbro-4098362_11zon-683x1024.jpg 683w, https:\/\/equilibriumpsychotherapy.net\/wp-content\/uploads\/2024\/10\/pexels-cottonbro-4098362_11zon-768x1152.jpg 768w, https:\/\/equilibriumpsychotherapy.net\/wp-content\/uploads\/2024\/10\/pexels-cottonbro-4098362_11zon-1024x1536.jpg 1024w, https:\/\/equilibriumpsychotherapy.net\/wp-content\/uploads\/2024\/10\/pexels-cottonbro-4098362_11zon-1365x2048.jpg 1365w, https:\/\/equilibriumpsychotherapy.net\/wp-content\/uploads\/2024\/10\/pexels-cottonbro-4098362_11zon-8x12.jpg 8w\" sizes=\"auto, (max-width: 1707px) 100vw, 1707px\" \/><span aria-hidden=\"true\" class=\"wp-block-cover__background has-white-background-color has-background-dim-0 has-background-dim\"><\/span><div class=\"wp-block-cover__inner-container has-global-padding is-layout-constrained wp-container-core-cover-is-layout-36acc372 wp-block-cover-is-layout-constrained\">\n<div class=\"wp-block-group alignwide is-vertical is-content-justification-center is-layout-flex wp-container-core-group-is-layout-eedd5f1d wp-block-group-is-layout-flex\" style=\"min-height:35rem\">\n<div class=\"wp-block-group has-global-padding is-content-justification-center is-layout-constrained wp-container-core-group-is-layout-7cb01c2f wp-block-group-is-layout-constrained\" style=\"margin-top:0;margin-bottom:0\">\n<h3 class=\"wp-block-heading has-text-align-center has-text-color\" style=\"color:#000000;margin-bottom:1rem;font-size:clamp(2.071rem, 2.071rem + ((1vw - 0.2rem) * 2.98), 3.71rem);font-style:normal;font-weight:400;line-height:1;text-transform:none\">Equilibrium Psihoterapija<\/h3>\n\n\n\n<h2 class=\"wp-block-heading has-text-align-center has-text-color\" style=\"color:#ffffff;margin-top:0rem;margin-bottom:1.01rem;font-size:clamp(2.84rem, 2.84rem + ((1vw - 0.2rem) * 4.855), 5.51rem);font-style:normal;font-weight:400;line-height:1.1;text-transform:capitalize\">Otkazivanje<\/h2>\n<\/div>\n<\/div>\n<\/div><\/div>\n\n\n\n<section class=\"wp-block-group alignfull has-text-color has-global-padding is-layout-constrained wp-container-core-group-is-layout-663db12e wp-block-group-is-layout-constrained\" style=\"color:#03081e;margin-top:0px;padding-top:3.8rem;padding-right:var(--wp--preset--spacing--40);padding-bottom:0.3rem;padding-left:var(--wp--preset--spacing--40);font-size:clamp(0.875rem, 0.875rem + ((1vw - 0.2rem) * 0.464), 1.13rem);font-style:normal;font-weight:400;line-height:1.4\">\n<figure class=\"wp-block-image aligncenter size-full is-resized eplus-wrapper\"><img loading=\"lazy\" decoding=\"async\" width=\"512\" height=\"512\" src=\"https:\/\/equilibriumpsychotherapy.net\/wp-content\/uploads\/2024\/10\/bonsai_2220099.png\" alt=\"\" class=\"wp-image-1372\" style=\"width:70px;height:auto\" srcset=\"https:\/\/equilibriumpsychotherapy.net\/wp-content\/uploads\/2024\/10\/bonsai_2220099.png 512w, https:\/\/equilibriumpsychotherapy.net\/wp-content\/uploads\/2024\/10\/bonsai_2220099-300x300.png 300w, https:\/\/equilibriumpsychotherapy.net\/wp-content\/uploads\/2024\/10\/bonsai_2220099-150x150.png 150w\" sizes=\"auto, (max-width: 512px) 100vw, 512px\" \/><\/figure>\n\n\n\n<h2 class=\"wp-block-heading has-text-align-center eplus-wrapper has-text-color\" style=\"color:#00373e;margin-top:10px;font-size:clamp(33.419px, 2.089rem + ((1vw - 3.2px) * 3.021), 60px);font-style:normal;font-weight:400;line-height:1.2;text-transform:capitalize\">Pravilnik o otkazivanju<\/h2>\n\n\n\n<p class=\"has-text-align-center eplus-wrapper has-text-color wp-block-paragraph\" style=\"color:#00373e;margin-top:35px;margin-right:0;margin-bottom:56px;margin-left:0;font-size:clamp(15.747px, 0.984rem + ((1vw - 3.2px) * 0.938), 24px);font-style:normal;font-weight:300\">We understand that life can be unpredictable and that plans sometimes need to change. To ensure fairness and respect for both your time and the availability of our therapists, we have established the following cancellation policy:<\/p>\n<\/section>\n\n\n\n<section class=\"wp-block-group alignfull has-text-color has-global-padding is-layout-constrained wp-container-core-group-is-layout-3fc390bf wp-block-group-is-layout-constrained\" style=\"color:#03081e;margin-top:0px;padding-top:0.8rem;padding-right:20px;padding-bottom:0rem;padding-left:20px;font-size:clamp(0.875rem, 0.875rem + ((1vw - 0.2rem) * 0.464), 1.13rem);font-style:normal;font-weight:400;line-height:1.4\">\n<h2 class=\"wp-block-heading has-text-align-left eplus-wrapper has-text-color\" style=\"color:#00373e;margin-top:10px;font-size:clamp(16.293px, 1.018rem + ((1vw - 3.2px) * 0.989), 25px);font-style:normal;font-weight:400;line-height:1.2;text-transform:capitalize\"><strong>Obavijest 24 sata naprijed<\/strong><\/h2>\n\n\n\n<p class=\"wp-block-paragraph\">To support consistency in the therapeutic process and ensure that appointment times remain available for those who need them, we kindly ask that cancellations or rescheduling requests be made at <strong>least\u00a024 hours before your scheduled appointment<\/strong>.<\/p>\n<\/section>\n\n\n\n<section class=\"wp-block-group alignfull has-text-color has-global-padding is-layout-constrained wp-container-core-group-is-layout-3fc390bf wp-block-group-is-layout-constrained\" style=\"color:#03081e;margin-top:0px;padding-top:0.8rem;padding-right:20px;padding-bottom:0rem;padding-left:20px;font-size:clamp(0.875rem, 0.875rem + ((1vw - 0.2rem) * 0.464), 1.13rem);font-style:normal;font-weight:400;line-height:1.4\">\n<h2 class=\"wp-block-heading has-text-align-left eplus-wrapper has-text-color\" style=\"color:#00373e;margin-top:10px;font-size:clamp(16.293px, 1.018rem + ((1vw - 3.2px) * 0.989), 25px);font-style:normal;font-weight:400;line-height:1.2;text-transform:capitalize\"><strong>Cancellations and Rescheduling<\/strong> <\/h2>\n\n\n\n<p class=\"wp-block-paragraph\">Appointments cancelled or rescheduled with at least 24 hours\u2019 notice will not incur a fee. <br>Appointments cancelled with less than 24 hours\u2019 notice may be charged the full session fee.<\/p>\n<\/section>\n\n\n\n<section class=\"wp-block-group alignfull has-text-color has-global-padding is-layout-constrained wp-container-core-group-is-layout-3fc390bf wp-block-group-is-layout-constrained\" style=\"color:#03081e;margin-top:0px;padding-top:0.8rem;padding-right:20px;padding-bottom:0rem;padding-left:20px;font-size:clamp(0.875rem, 0.875rem + ((1vw - 0.2rem) * 0.464), 1.13rem);font-style:normal;font-weight:400;line-height:1.4\">\n<h2 class=\"wp-block-heading has-text-align-left eplus-wrapper has-text-color\" style=\"color:#00373e;margin-top:10px;font-size:clamp(16.293px, 1.018rem + ((1vw - 3.2px) * 0.989), 25px);font-style:normal;font-weight:400;line-height:1.2;text-transform:capitalize\"><strong>Propu\u0161teni termini<\/strong><\/h2>\n\n\n\n<p class=\"wp-block-paragraph\">If you are unable to attend a session, please let us know as soon as possible.<\/p>\n\n\n\n<p class=\"wp-block-paragraph\">Appointments missed without prior notice may be charged the full session fee, as the appointment time has been reserved specifically for you.<\/p>\n<\/section>\n\n\n\n<section class=\"wp-block-group alignfull has-text-color has-global-padding is-layout-constrained wp-container-core-group-is-layout-3fc390bf wp-block-group-is-layout-constrained\" style=\"color:#03081e;margin-top:0px;padding-top:0.8rem;padding-right:20px;padding-bottom:0rem;padding-left:20px;font-size:clamp(0.875rem, 0.875rem + ((1vw - 0.2rem) * 0.464), 1.13rem);font-style:normal;font-weight:400;line-height:1.4\">\n<h2 class=\"wp-block-heading has-text-align-left eplus-wrapper has-text-color\" style=\"color:#00373e;margin-top:10px;font-size:clamp(16.293px, 1.018rem + ((1vw - 3.2px) * 0.989), 25px);font-style:normal;font-weight:400;line-height:1.2;text-transform:capitalize\"><strong>Emergencies and Unexpected Circumstances<\/strong><\/h2>\n\n\n\n<p class=\"wp-block-paragraph\">We understand that illness, emergencies, and unforeseen situations can arise.<\/p>\n\n\n\n<p class=\"wp-block-paragraph\">When circumstances are genuinely beyond your control, these situations will be considered with understanding, flexibility, and professional judgement.<\/p>\n<\/section>\n\n\n\n<p class=\"has-text-align-center eplus-wrapper has-text-color wp-block-paragraph\" style=\"color:#00373e;margin-top:35px;margin-right:0;margin-bottom:56px;margin-left:0;font-size:clamp(15.747px, 0.984rem + ((1vw - 3.2px) * 0.938), 24px);font-style:normal;font-weight:300\">Ako imate bilo kakvih pitanja ili nedoumica u vezi s na\u0161om politikom otkazivanja, slobodno nas kontaktirajte. Tu smo kako bismo osigurali da va\u0161e terapijsko iskustvo bude \u0161to lak\u0161e, ugodnije i podr\u017eavaju\u0107e.<\/p>\n\n\n\n<section class=\"wp-block-cover alignfull\" style=\"margin-top:0px;padding-top:1.01rem;padding-bottom:1.01rem;min-height:430px;aspect-ratio:unset;\"><img loading=\"lazy\" decoding=\"async\" width=\"2560\" height=\"1708\" class=\"wp-block-cover__image-background wp-image-230\" alt=\"\" src=\"https:\/\/equilibriumpsychotherapy.net\/wp-content\/uploads\/2024\/06\/mid-shot-woman-therapist-taking-notes-clipboard-scaled.jpg\" style=\"object-position:52% 43%\" data-object-fit=\"cover\" data-object-position=\"52% 43%\" srcset=\"https:\/\/equilibriumpsychotherapy.net\/wp-content\/uploads\/2024\/06\/mid-shot-woman-therapist-taking-notes-clipboard-scaled.jpg 2560w, https:\/\/equilibriumpsychotherapy.net\/wp-content\/uploads\/2024\/06\/mid-shot-woman-therapist-taking-notes-clipboard-300x200.jpg 300w, https:\/\/equilibriumpsychotherapy.net\/wp-content\/uploads\/2024\/06\/mid-shot-woman-therapist-taking-notes-clipboard-1024x683.jpg 1024w, https:\/\/equilibriumpsychotherapy.net\/wp-content\/uploads\/2024\/06\/mid-shot-woman-therapist-taking-notes-clipboard-768x512.jpg 768w, https:\/\/equilibriumpsychotherapy.net\/wp-content\/uploads\/2024\/06\/mid-shot-woman-therapist-taking-notes-clipboard-1536x1025.jpg 1536w\" sizes=\"auto, (max-width: 2560px) 100vw, 2560px\" \/><span aria-hidden=\"true\" class=\"wp-block-cover__background has-background-dim-100 has-background-dim\" style=\"background-color:#0b1f30\"><\/span><div class=\"wp-block-cover__inner-container has-global-padding is-layout-constrained wp-container-core-cover-is-layout-58f952db wp-block-cover-is-layout-constrained\">\n<div class=\"wp-block-group has-text-color is-layout-flow wp-block-group-is-layout-flow\" style=\"color:#fffffd;margin-top:0px;padding-top:0rem;padding-right:1rem;padding-bottom:0rem;padding-left:1rem;font-size:clamp(0.875rem, 0.875rem + ((1vw - 0.2rem) * 0.464), 1.13rem);font-style:normal;font-weight:400;line-height:1.4\">\n<div class=\"wp-block-group has-global-padding is-layout-constrained wp-container-core-group-is-layout-7cdfdd2f wp-block-group-is-layout-constrained\">\n<h2 class=\"wp-block-heading has-text-align-center has-text-color\" style=\"color:#fffffd;margin-bottom:0rem;font-size:clamp(1.507rem, 1.507rem + ((1vw - 0.2rem) * 1.824), 2.51rem);font-style:normal;font-weight:400;line-height:1.2\">Svi, bez obzira na to tko su ili gdje \u017eive, zaslu\u017euju pristup kvalitetnoj zdravstvenoj skrbi.<\/h2>\n<\/div>\n\n\n\n<div class=\"wp-block-group is-vertical is-content-justification-stretch is-layout-flex wp-container-core-group-is-layout-19ec472e wp-block-group-is-layout-flex\" style=\"margin-top:1.81rem;padding-right:0px;padding-left:0px\">\n<div class=\"wp-block-group has-global-padding is-content-justification-center is-layout-constrained wp-container-core-group-is-layout-c526a387 wp-block-group-is-layout-constrained\" style=\"margin-top:0px\">\n<div class=\"wp-block-buttons eplus-wrapper is-horizontal is-content-justification-left is-layout-flex wp-container-core-buttons-is-layout-28459ced wp-block-buttons-is-layout-flex\" style=\"margin-top:2.51rem\">\n<div style=\"--wp--block-button--width: 100;\" class=\"wp-block-button footer_b is-style-fill has-custom-width wp-block-button__width wp-block-button__width-100\"><a class=\"wp-block-button__link has-text-color has-background has-border-color has-custom-font-size wp-element-button\" href=\"https:\/\/equilibriumpsychotherapy.net\/hr\/contact\/\" style=\"border-color:#ffffff;border-style:solid;border-width:1px;border-radius:2.5rem;color:#ffffff;background-color:#d92b2b00;padding-top:1.1rem;padding-right:0.81rem;padding-bottom:1.1rem;padding-left:0.81rem;font-size:clamp(0.875rem, 0.875rem + ((1vw - 0.2rem) * 0.409), 1.1rem);font-style:normal;font-weight:400;line-height:1;text-transform:capitalize\">KONTAKTIRAJTE NAS<\/a><\/div>\n<\/div>\n<\/div>\n<\/div>\n<\/div>\n<\/div><\/section>","protected":false},"excerpt":{"rendered":"<p>Cancellation Policy We understand that life can be unpredictable and that plans sometimes need to change. To ensure fairness and respect for both your time and the availability of our therapists, we have established the following cancellation policy: 24-Hour Notice To support consistency in the therapeutic process and ensure that appointment times remain available for [&hellip;]<\/p>\n","protected":false},"author":1,"featured_media":0,"parent":0,"menu_order":0,"comment_status":"closed","ping_status":"closed","template":"","meta":{"iawp_total_views":33,"footnotes":""},"class_list":["post-1370","page","type-page","status-publish","hentry"],"_links":{"self":[{"href":"https:\/\/equilibriumpsychotherapy.net\/hr\/wp-json\/wp\/v2\/pages\/1370","targetHints":{"allow":["GET"]}}],"collection":[{"href":"https:\/\/equilibriumpsychotherapy.net\/hr\/wp-json\/wp\/v2\/pages"}],"about":[{"href":"https:\/\/equilibriumpsychotherapy.net\/hr\/wp-json\/wp\/v2\/types\/page"}],"author":[{"embeddable":true,"href":"https:\/\/equilibriumpsychotherapy.net\/hr\/wp-json\/wp\/v2\/users\/1"}],"replies":[{"embeddable":true,"href":"https:\/\/equilibriumpsychotherapy.net\/hr\/wp-json\/wp\/v2\/comments?post=1370"}],"version-history":[{"count":8,"href":"https:\/\/equilibriumpsychotherapy.net\/hr\/wp-json\/wp\/v2\/pages\/1370\/revisions"}],"predecessor-version":[{"id":2307,"href":"https:\/\/equilibriumpsychotherapy.net\/hr\/wp-json\/wp\/v2\/pages\/1370\/revisions\/2307"}],"wp:attachment":[{"href":"https:\/\/equilibriumpsychotherapy.net\/hr\/wp-json\/wp\/v2\/media?parent=1370"}],"curies":[{"name":"wp","href":"https:\/\/api.w.org\/{rel}","templated":true}]}}

<div class="wp-block-cover alignfull" style="padding-top:2%;min-height:60rem;aspect-ratio:unset;"><img loading="lazy" decoding="async" width="1707" height="2560" class="wp-block-cover__image-background wp-image-1574" alt="" src="https://equilibriumpsychotherapy.net/wp-content/uploads/2024/10/pexels-cottonbro-4098362_11zon-scaled.jpg" style="object-position:57% 0%" data-object-fit="cover" data-object-position="57% 0%" srcset="https://equilibriumpsychotherapy.net/wp-content/uploads/2024/10/pexels-cottonbro-4098362_11zon-scaled.jpg 1707w, https://equilibriumpsychotherapy.net/wp-content/uploads/2024/10/pexels-cottonbro-4098362_11zon-200x300.jpg 200w, https://equilibriumpsychotherapy.net/wp-content/uploads/2024/10/pexels-cottonbro-4098362_11zon-683x1024.jpg 683w, https://equilibriumpsychotherapy.net/wp-content/uploads/2024/10/pexels-cottonbro-4098362_11zon-768x1152.jpg 768w, https://equilibriumpsychotherapy.net/wp-content/uploads/2024/10/pexels-cottonbro-4098362_11zon-1024x1536.jpg 1024w, https://equilibriumpsychotherapy.net/wp-content/uploads/2024/10/pexels-cottonbro-4098362_11zon-1365x2048.jpg 1365w, https://equilibriumpsychotherapy.net/wp-content/uploads/2024/10/pexels-cottonbro-4098362_11zon-8x12.jpg 8w" sizes="auto, (max-width: 1707px) 100vw, 1707px" /><span aria-hidden="true" class="wp-block-cover__background has-white-background-color has-background-dim-0 has-background-dim"></span><div class="wp-block-cover__inner-container has-global-padding is-layout-constrained wp-container-core-cover-is-layout-36acc372 wp-block-cover-is-layout-constrained">
<div class="wp-block-group alignwide is-vertical is-content-justification-center is-layout-flex wp-container-core-group-is-layout-eedd5f1d wp-block-group-is-layout-flex" style="min-height:35rem">
<div class="wp-block-group has-global-padding is-content-justification-center is-layout-constrained wp-container-core-group-is-layout-7cb01c2f wp-block-group-is-layout-constrained" style="margin-top:0;margin-bottom:0">
<h3 class="wp-block-heading has-text-align-center has-text-color" style="color:#000000;margin-bottom:1rem;font-size:clamp(2.071rem, 2.071rem + ((1vw - 0.2rem) * 2.98), 3.71rem);font-style:normal;font-weight:400;line-height:1;text-transform:none">Equilibrium Psihoterapija</h3>



<h2 class="wp-block-heading has-text-align-center has-text-color" style="color:#ffffff;margin-top:0rem;margin-bottom:1.01rem;font-size:clamp(2.84rem, 2.84rem + ((1vw - 0.2rem) * 4.855), 5.51rem);font-style:normal;font-weight:400;line-height:1.1;text-transform:capitalize">Otkazivanje</h2>
</div>
</div>
</div></div>



<section class="wp-block-group alignfull has-text-color has-global-padding is-layout-constrained wp-container-core-group-is-layout-663db12e wp-block-group-is-layout-constrained" style="color:#03081e;margin-top:0px;padding-top:3.8rem;padding-right:var(--wp--preset--spacing--40);padding-bottom:0.3rem;padding-left:var(--wp--preset--spacing--40);font-size:clamp(0.875rem, 0.875rem + ((1vw - 0.2rem) * 0.464), 1.13rem);font-style:normal;font-weight:400;line-height:1.4">
<figure class="wp-block-image aligncenter size-full is-resized eplus-wrapper"><img loading="lazy" decoding="async" width="512" height="512" src="https://equilibriumpsychotherapy.net/wp-content/uploads/2024/10/bonsai_2220099.png" alt="" class="wp-image-1372" style="width:70px;height:auto" srcset="https://equilibriumpsychotherapy.net/wp-content/uploads/2024/10/bonsai_2220099.png 512w, https://equilibriumpsychotherapy.net/wp-content/uploads/2024/10/bonsai_2220099-300x300.png 300w, https://equilibriumpsychotherapy.net/wp-content/uploads/2024/10/bonsai_2220099-150x150.png 150w" sizes="auto, (max-width: 512px) 100vw, 512px" /></figure>



<h2 class="wp-block-heading has-text-align-center eplus-wrapper has-text-color" style="color:#00373e;margin-top:10px;font-size:clamp(33.419px, 2.089rem + ((1vw - 3.2px) * 3.021), 60px);font-style:normal;font-weight:400;line-height:1.2;text-transform:capitalize">Pravilnik o otkazivanju</h2>



<p class="has-text-align-center eplus-wrapper has-text-color wp-block-paragraph" style="color:#00373e;margin-top:35px;margin-right:0;margin-bottom:56px;margin-left:0;font-size:clamp(15.747px, 0.984rem + ((1vw - 3.2px) * 0.938), 24px);font-style:normal;font-weight:300">We understand that life can be unpredictable and that plans sometimes need to change. To ensure fairness and respect for both your time and the availability of our therapists, we have established the following cancellation policy:</p>
</section>



<section class="wp-block-group alignfull has-text-color has-global-padding is-layout-constrained wp-container-core-group-is-layout-3fc390bf wp-block-group-is-layout-constrained" style="color:#03081e;margin-top:0px;padding-top:0.8rem;padding-right:20px;padding-bottom:0rem;padding-left:20px;font-size:clamp(0.875rem, 0.875rem + ((1vw - 0.2rem) * 0.464), 1.13rem);font-style:normal;font-weight:400;line-height:1.4">
<h2 class="wp-block-heading has-text-align-left eplus-wrapper has-text-color" style="color:#00373e;margin-top:10px;font-size:clamp(16.293px, 1.018rem + ((1vw - 3.2px) * 0.989), 25px);font-style:normal;font-weight:400;line-height:1.2;text-transform:capitalize"><strong>Obavijest 24 sata naprijed</strong></h2>



<p class="wp-block-paragraph">To support consistency in the therapeutic process and ensure that appointment times remain available for those who need them, we kindly ask that cancellations or rescheduling requests be made at <strong>least 24 hours before your scheduled appointment</strong>.</p>
</section>



<section class="wp-block-group alignfull has-text-color has-global-padding is-layout-constrained wp-container-core-group-is-layout-3fc390bf wp-block-group-is-layout-constrained" style="color:#03081e;margin-top:0px;padding-top:0.8rem;padding-right:20px;padding-bottom:0rem;padding-left:20px;font-size:clamp(0.875rem, 0.875rem + ((1vw - 0.2rem) * 0.464), 1.13rem);font-style:normal;font-weight:400;line-height:1.4">
<h2 class="wp-block-heading has-text-align-left eplus-wrapper has-text-color" style="color:#00373e;margin-top:10px;font-size:clamp(16.293px, 1.018rem + ((1vw - 3.2px) * 0.989), 25px);font-style:normal;font-weight:400;line-height:1.2;text-transform:capitalize"><strong>Cancellations and Rescheduling</strong> </h2>



<p class="wp-block-paragraph">Appointments cancelled or rescheduled with at least 24 hours’ notice will not incur a fee. <br>Appointments cancelled with less than 24 hours’ notice may be charged the full session fee.</p>
</section>



<section class="wp-block-group alignfull has-text-color has-global-padding is-layout-constrained wp-container-core-group-is-layout-3fc390bf wp-block-group-is-layout-constrained" style="color:#03081e;margin-top:0px;padding-top:0.8rem;padding-right:20px;padding-bottom:0rem;padding-left:20px;font-size:clamp(0.875rem, 0.875rem + ((1vw - 0.2rem) * 0.464), 1.13rem);font-style:normal;font-weight:400;line-height:1.4">
<h2 class="wp-block-heading has-text-align-left eplus-wrapper has-text-color" style="color:#00373e;margin-top:10px;font-size:clamp(16.293px, 1.018rem + ((1vw - 3.2px) * 0.989), 25px);font-style:normal;font-weight:400;line-height:1.2;text-transform:capitalize"><strong>Propušteni termini</strong></h2>



<p class="wp-block-paragraph">If you are unable to attend a session, please let us know as soon as possible.</p>



<p class="wp-block-paragraph">Appointments missed without prior notice may be charged the full session fee, as the appointment time has been reserved specifically for you.</p>
</section>



<section class="wp-block-group alignfull has-text-color has-global-padding is-layout-constrained wp-container-core-group-is-layout-3fc390bf wp-block-group-is-layout-constrained" style="color:#03081e;margin-top:0px;padding-top:0.8rem;padding-right:20px;padding-bottom:0rem;padding-left:20px;font-size:clamp(0.875rem, 0.875rem + ((1vw - 0.2rem) * 0.464), 1.13rem);font-style:normal;font-weight:400;line-height:1.4">
<h2 class="wp-block-heading has-text-align-left eplus-wrapper has-text-color" style="color:#00373e;margin-top:10px;font-size:clamp(16.293px, 1.018rem + ((1vw - 3.2px) * 0.989), 25px);font-style:normal;font-weight:400;line-height:1.2;text-transform:capitalize"><strong>Emergencies and Unexpected Circumstances</strong></h2>



<p class="wp-block-paragraph">We understand that illness, emergencies, and unforeseen situations can arise.</p>



<p class="wp-block-paragraph">When circumstances are genuinely beyond your control, these situations will be considered with understanding, flexibility, and professional judgement.</p>
</section>



<p class="has-text-align-center eplus-wrapper has-text-color wp-block-paragraph" style="color:#00373e;margin-top:35px;margin-right:0;margin-bottom:56px;margin-left:0;font-size:clamp(15.747px, 0.984rem + ((1vw - 3.2px) * 0.938), 24px);font-style:normal;font-weight:300">Ako imate bilo kakvih pitanja ili nedoumica u vezi s našom politikom otkazivanja, slobodno nas kontaktirajte. Tu smo kako bismo osigurali da vaše terapijsko iskustvo bude što lakše, ugodnije i podržavajuće.</p>



<section class="wp-block-cover alignfull" style="margin-top:0px;padding-top:1.01rem;padding-bottom:1.01rem;min-height:430px;aspect-ratio:unset;"><img loading="lazy" decoding="async" width="2560" height="1708" class="wp-block-cover__image-background wp-image-230" alt="" src="https://equilibriumpsychotherapy.net/wp-content/uploads/2024/06/mid-shot-woman-therapist-taking-notes-clipboard-scaled.jpg" style="object-position:52% 43%" data-object-fit="cover" data-object-position="52% 43%" srcset="https://equilibriumpsychotherapy.net/wp-content/uploads/2024/06/mid-shot-woman-therapist-taking-notes-clipboard-scaled.jpg 2560w, https://equilibriumpsychotherapy.net/wp-content/uploads/2024/06/mid-shot-woman-therapist-taking-notes-clipboard-300x200.jpg 300w, https://equilibriumpsychotherapy.net/wp-content/uploads/2024/06/mid-shot-woman-therapist-taking-notes-clipboard-1024x683.jpg 1024w, https://equilibriumpsychotherapy.net/wp-content/uploads/2024/06/mid-shot-woman-therapist-taking-notes-clipboard-768x512.jpg 768w, https://equilibriumpsychotherapy.net/wp-content/uploads/2024/06/mid-shot-woman-therapist-taking-notes-clipboard-1536x1025.jpg 1536w" sizes="auto, (max-width: 2560px) 100vw, 2560px" /><span aria-hidden="true" class="wp-block-cover__background has-background-dim-100 has-background-dim" style="background-color:#0b1f30"></span><div class="wp-block-cover__inner-container has-global-padding is-layout-constrained wp-container-core-cover-is-layout-58f952db wp-block-cover-is-layout-constrained">
<div class="wp-block-group has-text-color is-layout-flow wp-block-group-is-layout-flow" style="color:#fffffd;margin-top:0px;padding-top:0rem;padding-right:1rem;padding-bottom:0rem;padding-left:1rem;font-size:clamp(0.875rem, 0.875rem + ((1vw - 0.2rem) * 0.464), 1.13rem);font-style:normal;font-weight:400;line-height:1.4">
<div class="wp-block-group has-global-padding is-layout-constrained wp-container-core-group-is-layout-7cdfdd2f wp-block-group-is-layout-constrained">
<h2 class="wp-block-heading has-text-align-center has-text-color" style="color:#fffffd;margin-bottom:0rem;font-size:clamp(1.507rem, 1.507rem + ((1vw - 0.2rem) * 1.824), 2.51rem);font-style:normal;font-weight:400;line-height:1.2">Svi, bez obzira na to tko su ili gdje žive, zaslužuju pristup kvalitetnoj zdravstvenoj skrbi.</h2>
</div>



<div class="wp-block-group is-vertical is-content-justification-stretch is-layout-flex wp-container-core-group-is-layout-19ec472e wp-block-group-is-layout-flex" style="margin-top:1.81rem;padding-right:0px;padding-left:0px">
<div class="wp-block-group has-global-padding is-content-justification-center is-layout-constrained wp-container-core-group-is-layout-c526a387 wp-block-group-is-layout-constrained" style="margin-top:0px">
<div class="wp-block-buttons eplus-wrapper is-horizontal is-content-justification-left is-layout-flex wp-container-core-buttons-is-layout-28459ced wp-block-buttons-is-layout-flex" style="margin-top:2.51rem">
<div style="--wp--block-button--width: 100;" class="wp-block-button footer_b is-style-fill has-custom-width wp-block-button__width wp-block-button__width-100"><a class="wp-block-button__link has-text-color has-background has-border-color has-custom-font-size wp-element-button" href="https://equilibriumpsychotherapy.net/hr/contact/" style="border-color:#ffffff;border-style:solid;border-width:1px;border-radius:2.5rem;color:#ffffff;background-color:#d92b2b00;padding-top:1.1rem;padding-right:0.81rem;padding-bottom:1.1rem;padding-left:0.81rem;font-size:clamp(0.875rem, 0.875rem + ((1vw - 0.2rem) * 0.409), 1.1rem);font-style:normal;font-weight:400;line-height:1;text-transform:capitalize">KONTAKTIRAJTE NAS</a></div>
</div>
</div>
</div>
</div>
</div></section>
